3
What are the prime factors of 41274?
2, 3, 2293
What are the prime factors of 569?
569
What are the prime factors of 80660?
2, 5, 37, 109
What are the prime factors of 105778?
2, 52889
What are the prime factors of 2326?
2, 1163
What are the prime factors of 1043?
7, 149
List the prime factors of 17634.
2, 3, 2939
What are the prime factors of 27540?
2, 3, 5, 17
List the prime factors of 955.
5, 191
What are the prime factors of 167965?
5, 7, 4799
What are the prime factors of 22235?
5, 4447
List the prime factors of 46711.
7, 6673
What are the prime factors of 3857?
7, 19, 29
What are the prime factors of 97212?
2, 3, 8101
What are the prime factors of 6316?
2, 1579
List the prime factors of 27573.
3, 7, 13, 101
What are the prime factors of 40067?
103, 389
What are the prime factors of 1646?
2, 823
What are the prime factors of 994?
2, 7, 71
What are the prime factors of 115968?
2, 3, 151
List the prime factors of 5859.
3, 7, 31
What are the prime factors of 1547?
7, 13, 17
List the prime factors of 3173.
19, 167
What are the prime factors of 42861?
3, 7, 13, 157
List the prime factors of 30634.
2, 17, 53
List the prime factors of 1901.
1901
What are the prime factors of 36617?
7, 5231
What are the prime factors of 1018?
2, 509
List the prime factors of 17655.
3, 5, 11, 107
List the prime factors of 1349.
19, 71
What are the prime factors of 9504?
2, 3, 11
What are the prime factors of 39722?
2, 19861
List the prime factors of 9289.
7, 1327
List the prime factors of 8856.
2, 3, 41
List the prime factors of 746.
2, 373
List the prime factors of 676.
2, 13
List the prime factors of 10005.
3, 5, 23, 29
What are the prime factors of 2904?
2, 3, 11
What are the prime factors of 94010?
2, 5, 7, 17, 79
What are the prime factors of 766?
2, 383
What are the prime factors of 120990?
2, 3, 5, 37, 109
List the prime factors of 73400.
2, 5, 367
What are the prime factors of 5040?
2, 3, 5, 7
What are the prime factors of 5425?
5, 7, 31
What are the prime factors of 79380?
2, 3, 5, 7
List the prime factors of 1337.
7, 191
What are the prime factors of 44525?
5, 13, 137
List the prime factors of 457.
457
List the prime factors of 1040.
2, 5, 13
What are the prime factors of 73025?
5, 23, 127
What are the prime factors of 2963?
2963
What are the prime factors of 9441?
3, 1049
List the prime factors of 42858.
2, 3, 2381
List the prime factors of 2843.
2843
What are the prime factors of 142881?
3, 97, 491
What are the prime factors of 991?
991
List the prime factors of 28013.
109, 257
List the prime factors of 1181.
1181
List the prime factors of 134959.
11, 12269
List the prime factors of 2934.
2, 3, 163
List the prime factors of 84164.
2, 53, 397
List the prime factors of 140214.
2, 3, 23369
What are the prime factors of 32454?
2, 3, 601
What are the prime factors of 295?
5, 59
What are the prime factors of 5537?
7, 113
What are the prime factors of 6722?
2, 3361
List the prime factors of 227.
227
List the prime factors of 4052.
2, 1013
List the prime factors of 1103.
1103
What are the prime factors of 207?
3, 23
What are the prime factors of 2446?
2, 1223
What are the prime factors of 28094?
2, 11, 1277
List the prime factors of 34273.
34273
What are the prime factors of 67417?
7, 9631
What are the prime factors of 31368?
2, 3, 1307
What are the prime factors of 2612?
2, 653
What are the prime factors of 27578?
2, 13789
List the prime factors of 2626.
2, 13, 101
List the prime factors of 3978.
2, 3, 13, 17
List the prime factors of 2768.
2, 173
List the prime factors of 9661.
9661
List the prime factors of 4874.
2, 2437
What are the prime factors of 15241?
15241
What are the prime factors of 11089?
13, 853
List the prime factors of 35883.
3, 443
What are the prime factors of 1668?
2, 3, 139
List the prime factors of 21639.
3, 7213
What are the prime factors of 2422?
2, 7, 173
What are the prime factors of 57977?
57977
List the prime factors of 16895.
5, 31, 109
List the prime factors of 1033.
1033
What are the prime factors of 9056?
2, 283
List the prime factors of 80334.
2, 3, 4463
List the prime factors of 621.
3, 23
What are the prime factors of 694?
2, 347
List the prime factors of 4902.
2, 3, 19, 43
List the prime factors of 1901.
1901
What are the prime factors of 2660?
2, 5, 7, 19
List the prime factors of 3135.
3, 5, 11, 19
List the prime factors of 49671.
3, 5519
What are the prime factors of 54920?
2, 5, 1373
What are the prime factors of 5444?
2, 1361
List the prime factors of 1135.
5, 227
List the prime factors of 1110.
2, 3, 5, 37
List the prime factors of 21520.
2, 5, 269
What are the prime factors of 6554?
2, 29, 113
List the prime factors of 86165.
5, 19, 907
List the prime factors of 500.
2, 5
List the prime factors of 10014.
2, 3, 1669
What are the prime factors of 4249?
7, 607
List the prime factors of 2275.
5, 7, 13
List the prime factors of 138812.
2, 34703
What are the prime factors of 3328?
2, 13
What are the prime factors of 5073?
3, 19, 89
What are the prime factors of 53564?
2, 7, 1913
What are the prime factors of 25654?
2, 101, 127
List the prime factors of 1549.
1549
List the prime factors of 421.
421
What are the prime factors of 6449?
6449
List the prime factors of 5617.
41, 137
What are the prime factors of 6439?
47, 137
List the prime factors of 5071.
11, 461
What are the prime factors of 2199?
3, 733
List the prime factors of 175288.
2, 21911
What are the prime factors of 13487?
13487
What are the prime factors of 8567?
13, 659
What are the prime factors of 77593?
31, 2503
List the prime factors of 9202.
2, 43, 107
What are the prime factors of 1715?
5, 7
List the prime factors of 3080.
2, 5, 7, 11
List the prime factors of 25962.
2, 3, 4327
List the prime factors of 18630.
2, 3, 5, 23
What are the prime factors of 83072?
2, 11, 59
List the prime factors of 1412.
2, 353
List the prime factors of 4130.
2, 5, 7, 59
List the prime factors of 15561.
3, 7, 13, 19
List the prime factors of 3983.
7, 569
What are the prime factors of 1082?
2, 541
What are the prime factors of 2277?
3, 11, 23
List the prime factors of 2491.
47, 53
What are the prime factors of 53918?
2, 26959
What are the prime factors of 42318?
2, 3, 2351
What are the prime factors of 1178?
2, 19, 31
What are the prime factors of 1977?
3, 659
What are the prime factors of 736?
2, 23
What are the prime factors of 6883?
6883
List the prime factors of 9442.
2, 4721
List the prime factors of 15916.
2, 23, 173
List the prime factors of 266.
2, 7, 19
List the prime factors of 39823.
7, 5689
What are the prime factors of 46682?
2, 17, 1373
What are the prime factors of 402?
2, 3, 67
List the prime factors of 2378.
2, 29, 41
What are the prime factors of 2165?
5, 433
What are the prime factors of 32096?
2, 17, 59
List the prime factors of 215.
5, 43
What are the prime factors of 49276?
2, 97, 127
List the prime factors of 3996.
2, 3, 37
What are the prime factors of 110478?
2, 3, 18413
What are the prime factors of 7698?
2, 3, 1283
What are the prime factors of 17314?
2, 11, 787
List the prime factors of 59521.
7, 11, 773
What are the prime factors of 1099?
7, 157
What are the prime factors of 63?
3, 7
What are the prime factors of 50457?
3, 11, 139
What are the prime factors of 796?
2, 199
What are the prime factors of 14870?
2, 5, 1487
What are the prime factors of 531?
3, 59
List the prime factors of 34676.
2, 8669
List the prime factors of 10637.
11, 967
What are the prime factors of 43599?
3, 14533
List the prime factors of 1196.
2, 13, 23
What are the prime factors of 191?
191
List the prime factors of 4700.
2, 5, 47
List the prime factors of 5352.
2, 3, 223
List the prime factors of 30165.
3, 5, 2011
List the prime factors of 953.
953
What are the prime factors of 5369?
7, 13, 59
List the prime factors of 21910.
2, 5, 7, 313
What are the prime factors of 28943?
103, 281
What are the prime factors of 3221?
3221
What are the prime factors of 8572?
2, 2143
What are the prime factors of 101?
101
List the prime factors of 750.
2, 3, 5
List the prime factors of 1476.
2, 3, 41
What are the prime factors of 1326?
2, 3, 13, 17
List the prime factors of 13349.
7, 1907
List the prime factors of 2579.
2579
List the prime factors of 36459.
3, 4051
What are the prime fact